{"id":6542,"date":"2024-01-25T15:54:25","date_gmt":"2024-01-25T14:54:25","guid":{"rendered":"https:\/\/www.lelogisfloreal.be\/agenda\/tentoonstelling-le-logis-floreal-une-cite-en-visagee\/"},"modified":"2024-02-01T13:40:38","modified_gmt":"2024-02-01T12:40:38","slug":"tentoonstelling-le-logis-floreal-une-cite-en-visagee","status":"publish","type":"tribe_events","link":"https:\/\/www.lelogisfloreal.be\/nl\/agenda\/tentoonstelling-le-logis-floreal-une-cite-en-visagee\/","title":{"rendered":"Tentoonstelling &#8220;Le Logis &#8211; Flor\u00e9al, une cit\u00e9 en-visag\u00e9e&#8221;"},"content":{"rendered":"<p><strong>Laatste dagen om ervan te genieten!<\/strong><\/p>\n<p>Vier fotografen die in de wijk Le Logis-Flor\u00e9al wonen, zijn maandenlang op pad gegaan om hun buren te ontmoeten. Ze hebben portretten gemaakt van ongeveer honderd bewoners, vari\u00ebrend in leeftijd van 0 tot 103 jaar, met als achtergrond de huizen van Logis-Flor\u00e9al. Deze nieuwe tentoonstelling wordt vergezeld van een publicatie.<\/p>\n<p>fotos van<strong>Olivia Droeshaut, Julien Pohl, Michel Gelinne en G\u00e9raldine Thoma<\/strong>s + Project \u00ab Premiers pas derri\u00e8re la porte \u00bb door <strong>Nicolas Andry<\/strong><\/p>\n<p>Dit boek en <a href=\"https:\/\/www.lelogisfloreal.be\/expo\/\">deze tentoonstelling<\/a> zijn het resultaat van langdurig fotografisch werk in de tuinsteden. Gedurende drie jaar zijn verschillende projecten gestart waarbij fotografen en bewoners betrokken waren (fotowedstrijden, fotomarathons, tentoonstellingen, het uitgeven van een leporello&#8230;) om uiteindelijk te resulteren in de uitgave van het boek &#8220;Een stad in beeld: portretten van 0 tot 100 jaar&#8221; (160 blz).<\/p>\n<p>Praktische informatie:<\/p>\n<p>Station Watermael<br \/>\nAvenue des Taillis 2<br \/>\n1170 Watermaal-Bosvoorde<br \/>\nToegang: bus 95 &#8211; halte Arcades of treinlijn S8 vanuit Brussel Zuid\/Centraal\/Noord &#8211; halte Watermaal<\/p>\n<p><strong>Geopend: op donderdag 01\/02 en zondag 04\/02 van 14 tot 18u en op vrijdag 02\/02 van 14 tot 21u.<\/strong> <strong>Let op: de tentoonstelling is gesloten op zaterdag 03\/02.<\/strong><\/p>\n<p>Met de steun van de Gemeente Watermaal-Bosvoorde<br \/>\nIn het kader van het Photo Brussels Festival &#8211; The Month of Photography.<\/p>\n","protected":false},"excerpt":{"rendered":"<p>Laatste dagen om ervan te genieten! Vier fotografen die in  [&#8230;]<\/p>\n","protected":false},"author":5,"featured_media":6487,"template":"","meta":{"_acf_changed":false,"_tribe_events_status":"","_tribe_events_status_reason":"","wds_primary_tribe_events_cat":0,"footnotes":""},"tags":[],"tribe_events_cat":[48],"class_list":["post-6542","tribe_events","type-tribe_events","status-publish","has-post-thumbnail","hentry","tribe_events_cat-activiteiten-voor-sociale-cohesie","cat_activiteiten-voor-sociale-cohesie"],"acf":[],"_links":{"self":[{"href":"https:\/\/www.lelogisfloreal.be\/nl\/wp-json\/wp\/v2\/tribe_events\/6542","targetHints":{"allow":["GET"]}}],"collection":[{"href":"https:\/\/www.lelogisfloreal.be\/nl\/wp-json\/wp\/v2\/tribe_events"}],"about":[{"href":"https:\/\/www.lelogisfloreal.be\/nl\/wp-json\/wp\/v2\/types\/tribe_events"}],"author":[{"embeddable":true,"href":"https:\/\/www.lelogisfloreal.be\/nl\/wp-json\/wp\/v2\/users\/5"}],"version-history":[{"count":1,"href":"https:\/\/www.lelogisfloreal.be\/nl\/wp-json\/wp\/v2\/tribe_events\/6542\/revisions"}],"predecessor-version":[{"id":6545,"href":"https:\/\/www.lelogisfloreal.be\/nl\/wp-json\/wp\/v2\/tribe_events\/6542\/revisions\/6545"}],"wp:featuredmedia":[{"embeddable":true,"href":"https:\/\/www.lelogisfloreal.be\/nl\/wp-json\/wp\/v2\/media\/6487"}],"wp:attachment":[{"href":"https:\/\/www.lelogisfloreal.be\/nl\/wp-json\/wp\/v2\/media?parent=6542"}],"wp:term":[{"taxonomy":"post_tag","embeddable":true,"href":"https:\/\/www.lelogisfloreal.be\/nl\/wp-json\/wp\/v2\/tags?post=6542"},{"taxonomy":"tribe_events_cat","embeddable":true,"href":"https:\/\/www.lelogisfloreal.be\/nl\/wp-json\/wp\/v2\/tribe_events_cat?post=6542"}],"curies":[{"name":"wp","href":"https:\/\/api.w.org\/{rel}","templated":true}]}}

Tentoonstelling &#8220;Le Logis &#8211; Floréal, une cité en-visagée&#8221;

<p><strong>Laatste dagen om ervan te genieten!</strong></p>
<p>Vier fotografen die in de wijk Le Logis-Floréal wonen, zijn maandenlang op pad gegaan om hun buren te ontmoeten. Ze hebben portretten gemaakt van ongeveer honderd bewoners, variërend in leeftijd van 0 tot 103 jaar, met als achtergrond de huizen van Logis-Floréal. Deze nieuwe tentoonstelling wordt vergezeld van een publicatie.</p>
<p>fotos van<strong>Olivia Droeshaut, Julien Pohl, Michel Gelinne en Géraldine Thoma</strong>s + Project « Premiers pas derrière la porte » door <strong>Nicolas Andry</strong></p>
<p>Dit boek en <a href="https://www.lelogisfloreal.be/expo/">deze tentoonstelling</a> zijn het resultaat van langdurig fotografisch werk in de tuinsteden. Gedurende drie jaar zijn verschillende projecten gestart waarbij fotografen en bewoners betrokken waren (fotowedstrijden, fotomarathons, tentoonstellingen, het uitgeven van een leporello&#8230;) om uiteindelijk te resulteren in de uitgave van het boek &#8220;Een stad in beeld: portretten van 0 tot 100 jaar&#8221; (160 blz).</p>
<p>Praktische informatie:</p>
<p>Station Watermael<br />
Avenue des Taillis 2<br />
1170 Watermaal-Bosvoorde<br />
Toegang: bus 95 &#8211; halte Arcades of treinlijn S8 vanuit Brussel Zuid/Centraal/Noord &#8211; halte Watermaal</p>
<p><strong>Geopend: op donderdag 01/02 en zondag 04/02 van 14 tot 18u en op vrijdag 02/02 van 14 tot 21u.</strong> <strong>Let op: de tentoonstelling is gesloten op zaterdag 03/02.</strong></p>
<p>Met de steun van de Gemeente Watermaal-Bosvoorde<br />
In het kader van het Photo Brussels Festival &#8211; The Month of Photography.</p>
