{"id":6252,"date":"2023-10-25T15:39:54","date_gmt":"2023-10-25T13:39:54","guid":{"rendered":"https:\/\/www.lelogisfloreal.be\/100-jaar\/notre-centenaire-en-7-minutes\/"},"modified":"2024-03-01T14:40:32","modified_gmt":"2024-03-01T13:40:32","slug":"notre-centenaire-en-7-minutes","status":"publish","type":"page","link":"https:\/\/www.lelogisfloreal.be\/nl\/100-jaar\/notre-centenaire-en-7-minutes\/","title":{"rendered":"Notre centenaire en 7 minutes"},"content":{"rendered":"<div style=\"width: 1260px;\" class=\"wp-video\"><video class=\"wp-video-shortcode\" id=\"video-6252-1\" width=\"1260\" height=\"709\" preload=\"metadata\" controls=\"controls\"><source type=\"video\/mp4\" src=\"https:\/\/www.lelogisfloreal.be\/wp-content\/uploads\/2023\/07\/Les-100-ans-du-Logis-Floreal-11.mp4?_=1\" \/><a href=\"https:\/\/www.lelogisfloreal.be\/wp-content\/uploads\/2023\/07\/Les-100-ans-du-Logis-Floreal-11.mp4\">https:\/\/www.lelogisfloreal.be\/wp-content\/uploads\/2023\/07\/Les-100-ans-du-Logis-Floreal-11.mp4<\/a><\/video><\/div>\n<h3><strong>Un immense merci pour votre implication dans la r\u00e9ussite du 100\u00e8me anniversaire du Logis-Flor\u00e9al! D\u00e9couvrez la vid\u00e9o !<\/strong><\/h3>\n<p>Chaque sourire partag\u00e9, chaque moment de convivialit\u00e9 au cours de ces deux ann\u00e9es renforcent notre conviction que le Logis-Flor\u00e9al est un lieu o\u00f9 les souvenirs se construisent et se partagent.<\/p>\n<p>Au-del\u00e0 de ces moments magiques et de tous les projets concrit\u00e9s en deux ans, le week-end de cl\u00f4ture du 23 au 25 juin 2023 nous a permis de <strong>cr\u00e9er des liens et des amiti\u00e9s qui perdureront bien au-del\u00e0 de cette aventure<\/strong>. Les conversations inspirantes, les \u00e9changes de points de vue et les \u00e9motions partag\u00e9es ont v\u00e9ritablement renforc\u00e9 notre communaut\u00e9 du Logis-Flor\u00e9al.<\/p>\n<p>Nous tenons \u00e0 remercier chaleureusement <strong>nos partenaires et notre \u00e9quipe<\/strong> qui ont travaill\u00e9 sans rel\u00e2che pour rendre cet \u00e9v\u00e9nement possible. Leur passion, leur professionnalisme et leur engagement ont \u00e9t\u00e9 les <strong>ingr\u00e9dients essentiels de ce succ\u00e8s collectif<\/strong>.<\/p>\n<p>Nous ne saurions trop exprimer notre <strong>gratitude envers vous, nos habitant.e.s<\/strong>, pour votre engagement et votre pr\u00e9sence, car <strong>tout cela n&#8217;aurait pas de sens sans votre participation.<\/strong><\/p>\n<p>La <strong>fiert\u00e9<\/strong> de <strong>vivre au Logis-Flor\u00e9al<\/strong> \u00e9tait au coeur de chaque activit\u00e9. Tant de belles rencontres ont \u00e9t\u00e9 rendues possibles.<\/p>\n<p>Le Logis-Flor\u00e9al perp\u00e9tuera cet \u00e9lan dynamique dans les ann\u00e9es qui viennent. Le coeur de notre mission, notre raison d&#8217;\u00eatre, c&#8217;est le bien-\u00eatre de nos locataires.\u00a0 Au sein de notre coop\u00e9rative, les g\u00e9n\u00e9rations se rencontrent, les diff\u00e9rences sont c\u00e9l\u00e9br\u00e9es, la solidarit\u00e9 et les liens se tissent au-del\u00e0 des barri\u00e8res sociales.<\/p>\n<p>Nous avons le souhait d&#8217;accueillir chacun et chacune, de l&#8217;aider \u00e0 trouver ses marques dans la cit\u00e9-jardin afin de lui permettre de <strong>s&#8217;\u00e9panouir dans son habitat<\/strong>.\u00a0 Cette <strong>vision humaniste<\/strong> est port\u00e9e par le Logis-Flor\u00e9al depuis plus d&#8217;un si\u00e8cle et m\u00e9rite d&#8217;\u00eatre soulign\u00e9es.<\/p>\n<p>Ces <strong>valeurs<\/strong> ont plus que jamais du sens aujourd&#8217;hui. Nous <strong>sollicitons votre participation et votre avis<\/strong> r\u00e9guli\u00e8rement et nous continuerons \u00e0 le faire, <strong>cette dynamique coop\u00e9rative est essentielle \u00e0 nos yeux<\/strong>.<\/p>\n<p><strong>L&#8217;\u00e9quipe du Logis-Flor\u00e9al<\/strong><\/p>\n","protected":false},"excerpt":{"rendered":"<p>Un immense merci pour votre implication dans la r\u00e9ussite du  [&#8230;]<\/p>\n","protected":false},"author":12,"featured_media":0,"parent":5760,"menu_order":0,"comment_status":"closed","ping_status":"closed","template":"","meta":{"_acf_changed":false,"footnotes":""},"class_list":["post-6252","page","type-page","status-publish","hentry"],"acf":[],"_links":{"self":[{"href":"https:\/\/www.lelogisfloreal.be\/nl\/wp-json\/wp\/v2\/pages\/6252","targetHints":{"allow":["GET"]}}],"collection":[{"href":"https:\/\/www.lelogisfloreal.be\/nl\/wp-json\/wp\/v2\/pages"}],"about":[{"href":"https:\/\/www.lelogisfloreal.be\/nl\/wp-json\/wp\/v2\/types\/page"}],"author":[{"embeddable":true,"href":"https:\/\/www.lelogisfloreal.be\/nl\/wp-json\/wp\/v2\/users\/12"}],"replies":[{"embeddable":true,"href":"https:\/\/www.lelogisfloreal.be\/nl\/wp-json\/wp\/v2\/comments?post=6252"}],"version-history":[{"count":1,"href":"https:\/\/www.lelogisfloreal.be\/nl\/wp-json\/wp\/v2\/pages\/6252\/revisions"}],"predecessor-version":[{"id":6253,"href":"https:\/\/www.lelogisfloreal.be\/nl\/wp-json\/wp\/v2\/pages\/6252\/revisions\/6253"}],"up":[{"embeddable":true,"href":"https:\/\/www.lelogisfloreal.be\/nl\/wp-json\/wp\/v2\/pages\/5760"}],"wp:attachment":[{"href":"https:\/\/www.lelogisfloreal.be\/nl\/wp-json\/wp\/v2\/media?parent=6252"}],"curies":[{"name":"wp","href":"https:\/\/api.w.org\/{rel}","templated":true}]}}

<div style="width: 1260px;" class="wp-video"><video class="wp-video-shortcode" id="video-6252-1" width="1260" height="709" preload="metadata" controls="controls"><source type="video/mp4" src="https://www.lelogisfloreal.be/wp-content/uploads/2023/07/Les-100-ans-du-Logis-Floreal-11.mp4?_=1" /><a href="https://www.lelogisfloreal.be/wp-content/uploads/2023/07/Les-100-ans-du-Logis-Floreal-11.mp4">https://www.lelogisfloreal.be/wp-content/uploads/2023/07/Les-100-ans-du-Logis-Floreal-11.mp4</a></video></div>
<h3><strong>Un immense merci pour votre implication dans la réussite du 100ème anniversaire du Logis-Floréal! Découvrez la vidéo !</strong></h3>
<p>Chaque sourire partagé, chaque moment de convivialité au cours de ces deux années renforcent notre conviction que le Logis-Floréal est un lieu où les souvenirs se construisent et se partagent.</p>
<p>Au-delà de ces moments magiques et de tous les projets concrités en deux ans, le week-end de clôture du 23 au 25 juin 2023 nous a permis de <strong>créer des liens et des amitiés qui perdureront bien au-delà de cette aventure</strong>. Les conversations inspirantes, les échanges de points de vue et les émotions partagées ont véritablement renforcé notre communauté du Logis-Floréal.</p>
<p>Nous tenons à remercier chaleureusement <strong>nos partenaires et notre équipe</strong> qui ont travaillé sans relâche pour rendre cet événement possible. Leur passion, leur professionnalisme et leur engagement ont été les <strong>ingrédients essentiels de ce succès collectif</strong>.</p>
<p>Nous ne saurions trop exprimer notre <strong>gratitude envers vous, nos habitant.e.s</strong>, pour votre engagement et votre présence, car <strong>tout cela n&#8217;aurait pas de sens sans votre participation.</strong></p>
<p>La <strong>fierté</strong> de <strong>vivre au Logis-Floréal</strong> était au coeur de chaque activité. Tant de belles rencontres ont été rendues possibles.</p>
<p>Le Logis-Floréal perpétuera cet élan dynamique dans les années qui viennent. Le coeur de notre mission, notre raison d&#8217;être, c&#8217;est le bien-être de nos locataires.  Au sein de notre coopérative, les générations se rencontrent, les différences sont célébrées, la solidarité et les liens se tissent au-delà des barrières sociales.</p>
<p>Nous avons le souhait d&#8217;accueillir chacun et chacune, de l&#8217;aider à trouver ses marques dans la cité-jardin afin de lui permettre de <strong>s&#8217;épanouir dans son habitat</strong>.  Cette <strong>vision humaniste</strong> est portée par le Logis-Floréal depuis plus d&#8217;un siècle et mérite d&#8217;être soulignées.</p>
<p>Ces <strong>valeurs</strong> ont plus que jamais du sens aujourd&#8217;hui. Nous <strong>sollicitons votre participation et votre avis</strong> régulièrement et nous continuerons à le faire, <strong>cette dynamique coopérative est essentielle à nos yeux</strong>.</p>
<p><strong>L&#8217;équipe du Logis-Floréal</strong></p>

<p>Un immense merci pour votre implication dans la réussite du  [&#8230;]</p>
